vided by y(d).
0
Suppose 2*k = -5*b - 87, 3*b + 0*k + 53 = -k. Suppose 0 = -5*o + u + 279, 2*u - 40 = -4*o + 186. Let h = b + o. Calculate the remainder when h is divided by 8.
5
Let m(l) be the second derivative of 13*l**3/3 - 3*l**2 + 53*l + 1. What is the remainder when m(4) is divided by 5?
3
Suppose 14*w - 252 = 8*w. What is the remainder when 1511 is divided by w?
41
Let d be (-4)/(-6) - 1608/(-18). Suppose -l - d = -3*l. Suppose -m + 26 = -l. Calculate the remainder when m is divided by 18.
17
Suppose -8*u = 2*u - 150. Suppose 5*t + 129 = 3*n, 4*n + 5*t + 28 = 200. What is the remainder when n is divided by u?
13
Suppose 26 - 128 = -b. Suppose -x + 4*x - b = 0. Let p = -11 - -23. What is the remainder when x is divided by p?
10
Let q(m) = 22*m**2 - 60*m + 318. Calculate the remainder when q(6) is divided by 58.
54
Let i be 1504/28 - (-2)/7. Let g be i*((-2)/(-4) + -1). Let b = -14 - g. What is the remainder when b is divided by 7?
6
Let h(c) = 2*c**3 - 135*c**2 + 74*c + 49. Calculate the remainder when h(67) is divided by 88.
78
Let p(g) = 6*g + 5 - 7 + 3*g + g**2. Calculate the remainder when p(-11) is divided by 7.
6
Suppose -3*s - 57 = 3*u, -u = 3*s + 3*u + 62. Let w = 21 + s. What is the remainder when 33 is divided by w?
5
Suppose 3*p = -3*v - 0*p + 105, 3*p - 6 = 0. Suppose 2*h - 52 = -4*f + 6*h, -2*f + 34 = -4*h. What is the remainder when v is divided by f?
6
Suppose 0 = 2*b, 7*b = -3*u + 2*b + 108. Suppose 3*s + u - 90 = 0. What is the remainder when 71 is divided by s?
17
Let g be -2 + 60/25 + 16/10. Suppose 3*q + 0*q - 78 = 3*u, 4*u = g*q - 44. What is the remainder when q is divided by 16?
14
Let c be 136 - 6/(-4)*2. Let k = c + -77. Let q = -484 + 497. Calculate the remainder when k is divided by q.
10
Calculate the remainder when -1 - (-107 + 0 + -1) is divided by (34 + -15 + 8)*1.
26
What is the remainder when -2 + (-3633)/(-9) + (-28)/42 is divided by 81?
77
Suppose 0 = -23*p + 26*p - 138. Suppose -3*k + 160 = p. What is the remainder when k is divided by 14?
10
What is the remainder when 446 is divided by (-1)/(-1) + 267*(-4)/(-12)?
86
Suppose -7*n + 4*n - 66 = 0. Let d = 136 + n. Suppose -2*j = 6*q - 3*q - 85, 3*q - 2*j = 89. What is the remainder when d is divided by q?
27
Let l(o) = -3*o**3 - 406*o + 412*o + 8 - 2*o**2 + o**3. Calculate the remainder when 101 is divided by l(-3).
23
Let h(v) = 3*v**2 - 4*v + 1. Let y(m) = m**2 - m + 1. Let r(d) = -h(d) + 4*y(d). Suppose -9 = w - 14. What is the remainder when r(3) is divided by w?
2
Suppose 9*q + 181 = 10*q. Suppose 19 = -6*v + q. What is the remainder when v is divided by 6?
3
Let h be (2/4)/((-8)/(-2672)). Suppose -2*q - 4*r + h = -139, -4*r - 429 = -3*q. What is the remainder when q is divided by 37?
36
Suppose 0 = -5*o - 15 + 85. Let d(r) = r + 11. Let g be d(-6). Suppose -4*w = g*n - 115, 37 + 61 = 4*n + 2*w. What is the remainder when n is divided by o?
13
Suppose 2*h = 3*k + 514, 4*k - 7*h + 4*h + 687 = 0. Let p = -44 - k. What is the remainder when p is divided by 32?
28
What is the remainder when 165 is divided by (-952)/(-20) - 6/(-15)?
21
Let j = 12 - 5. Suppose 5*c = -3*n + 88 - 9, -c = 4*n - 128. What is the remainder when n is divided by j?
5
Suppose 0 = 22*z - 24*z + 18. What is the remainder when 34 is divided by z?
7
Let t(l) = -3*l - 6. Calculate the remainder when t(-12) is divided by 8.
6
Suppose 2*y - 5*y = -117. Suppose 2*l - 7 = -z, 3*z + 0*l = -4*l + 25. What is the remainder when y is divided by z?
6
Suppose -25*l = 39*l - 6464. What is the remainder when l is divided by 34?
33
Suppose -3*r - 2*r = 0. Suppose y + 3*y - 16 = r. What is the remainder when 24 is divided by 30/y*(-10)/(-15)?
4
Let z(j) = j**3 + 11*j**2 + 11*j - 18. Let a be z(-10). Let d = a + 42. Calculate the remainder when 38 is divided by d.
10
Suppose r - 2 = -0*r. Suppose q - 6 = -r. Let l(f) = -f**2 + 10*f + 23. Calculate the remainder when l(10) is divided by q.
3
Let c(v) = v**2 - 11*v + 55. Calculate the remainder when 194 is divided by c(6).
19
Suppose -2*p = 13*p - 165. Calculate the remainder when 85 is divided by p.
8
Let n be 492/(-27) + (-4)/(-18). Let f(u) = -2*u - 24. What is the remainder when 45 is divided by f(n)?
9
Suppose -r + 55 = 4*z, 3*r - 1 = -5*z + 73. Let v(x) = 3*x - 1 + 4 - 4. What is the remainder when z is divided by v(2)?
3
Suppose -2*q + 16 = -18. Suppose m - 3 = p, 5*m - m + 2*p - 18 = 0. Suppose -m*x = -q - 63. What is the remainder when 77 is divided by x?
17
Suppose -43*d + 14 = -244. Suppose 0 = 2*k - 3*k + 13. Calculate the remainder when k is divided by d.
1
Let t(m) = 2*m**2 + 11*m + 17. Let h be t(-2). Suppose d = 5*n - 82, -4*n + 34 = 5*d - 20. Calculate the remainder when n + 6/(-1 + h) is divided by 5.
4
Suppose 3*s - 2*v - 2 - 2 = 0, 0 = -2*s + 4*v. Suppose -43 = -3*j + 4*y, -6*y + 76 = 4*j - s*y. Calculate the remainder when 29 is divided by j.
12
Let i(r) = -6*r - 1. Calculate the remainder when i(-7) is divided by 2/(-4)*(-3 - (-2 + 21)).
8
Suppose -4*s + 5*y = -53, y = 4*s + 4*y - 45. Calculate the remainder when 742 is divided by s.
10
Suppose -4 = 3*k - 2*k. Let t = 2 - k. Suppose -2*z = 3*h - 32, 0 = -3*z - h + 24 + 24. Calculate the remainder when z is divided by t.
4
Suppose 0 = s + 5*r - 402, 34*r = 29*r - 25. What is the remainder when s is divided by 43?
40
Let z be -4*1*2/(-4). Suppose 43 = z*i - 9. Suppose -g - g = -i. What is the remainder when g is divided by 7?
6
Let x(i) be the third derivative of i**5/60 - i**4/12 + 43*i**3/6 + i**2 - 5. What is the remainder when x(0) is divided by 16?
11
Let p(h) = h**3 + 6*h**2 - 7*h + 8. Suppose 0 = -7*k + 13 - 48. Calculate the remainder when p(k) is divided by 14.
12
Suppose -7*t - 3*b = -3*t - 44, 3*b + 20 = 4*t. Let k = t - 6. Suppose -s + 8 + 0 = 2*c, -k*c = -s + 4. What is the remainder when 28 is divided by s?
4
Let r(y) = 3*y**2 + 2*y - 42. What is the remainder when r(7) is divided by 15?
14
Suppose -5*r = -b - 23, 2*b + 5*r - 14 = 3*r. What is the remainder when 12 is divided by b?
0
Suppose 12*l - 459 = 8*l - 3*p, 4*p = -l + 131. Calculate the remainder when l is divided by 25.
11
Suppose 0 = -3*t - 6, -308*t + 310*t - 28 = -2*p. Calculate the remainder when ((-6)/(-6))/(2/110) is divided by p.
7
Suppose -93 = -24*j + 195. Calculate the remainder when j is divided by 6.
0
Suppose 0 = -s - 2*s + r + 43, 3*s - 47 = 2*r. Let k be 24/s - 12/(-78). Suppose 0 = -k*j + j + 53. What is the remainder when j is divided by 28?
25
Let t = 22 - 13. Let h be 23 - (-6)/(-15)*-5. Let r = h - t. What is the remainder when r is divided by 6?
4
Suppose 14*o - 4*o - 100 = 0. Suppose -144 = c - o*c. What is the remainder when 39 is divided by c?
7
What is the remainder when 190 is divided by (1968/(-9))/(-4) + 2/(-3)?
28
Calculate the remainder when 107 is divided by (3/(-3))/(1/(-31)).
14
Suppose 0 = -2*r - 2 + 6. Suppose r + 6 = 4*c. Let n = 16 - 15. Calculate the remainder when c is divided by n.
0
Suppose q = 4*q - 486. Let u = -115 + q. What is the remainder when u is divided by 16?
15
Let x = -55 - -62. Let l(h) = h**2 + 3*h + 7. Calculate the remainder when x is divided by l(-2).
2
Suppose -s - 7 = -y, -s + 9 = 3*y - 8. Suppose 15 = 5*x + 4*l, 4*l - y = -26. Let g = x - -18. What is the remainder when g is divided by 7?
4
Let y = -26 - -32. Let o(d) = d**2 - 7*d + 1. What is the remainder when 140/15 + y - (-4)/6 is divided by o(8)?
7
Let b(w) = w**3 - 7*w**2 - 22*w + 41. Calculate the remainder when 5 is divided by b(9).
0
Let u be (-6)/(-21) - (-506)/(-7). Let f = 126 + u. What is the remainder when f is divided by 11?
10
Let w(i) = 3*i**2 - 4*i + 2. Let s = -3879 + 3902. Calculate the remainder when s is divided by w(2).
5
Calculate the remainder when 628 is divided by ((-300)/8)/(-5)*(-96)/(-8).
88
Let o(s) be the second derivative of 7*s**4/12 - s**2 + 2*s. Let m(f) = 4*f + 75. What is the remainder when o(2) is divided by m(-17)?
5
Let k(p) = -1. Let l(a) = 5*a - 97. Let r(x) = 6*k(x) - l(x). What is the remainder when r(0) is divided by 24?
19
Suppose -10*v + 192 + 68 = 0. Calculate the remainder when 308 is divided by v.
22
Let g(i) = 2*i - 9. Let j be g(5). Let m be (-1 - -4)*j + -2. Let z(a) = 6*a + 2. Calculate the remainder when 21 is divided by z(m).
5
What is t